{"id":13,"date":"2026-09-01T15:00:48","date_gmt":"2026-09-01T15:00:48","guid":{"rendered":"https:\/\/akilliticaretyedekparca.wsm.com.tr\/?page_id=13"},"modified":"2026-09-01T15:00:48","modified_gmt":"2026-09-01T15:00:48","slug":"stok-ve-lojistik-gucumuz","status":"publish","type":"page","link":"https:\/\/akilliticaretyedekparca.wsm.com.tr\/?page_id=13","title":{"rendered":"Stok ve Lojistik G\u00fcc\u00fcm\u00fcz"},"content":{"rendered":"<h2>\u00dcretim s\u00fcre\u00e7lerine uygun tedarik planlamas\u0131<\/h2>\n<p>Standart ve d\u00f6nemsel taleplerin planlanmas\u0131, uygun tedarik kanallar\u0131n\u0131n de\u011ferlendirilmesi ve sevkiyat s\u00fcrecinin koordinasyonu i\u00e7in \u00e7\u00f6z\u00fcm odakl\u0131 \u00e7al\u0131\u015f\u0131yoruz.<\/p>\n","protected":false},"excerpt":{"rendered":"<p>\u00dcretim s\u00fcre\u00e7lerine uygun tedarik planlamas\u0131 Standart ve d\u00f6nemsel taleplerin planlanmas\u0131, uygun tedarik kanallar\u0131n\u0131n de\u011ferlendirilmesi ve sevkiyat s\u00fcrecinin koordinasyonu i\u00e7in \u00e7\u00f6z\u00fcm odakl\u0131 \u00e7al\u0131\u015f\u0131yoruz.<\/p>\n","protected":false},"author":1,"featured_media":0,"parent":8,"menu_order":0,"comment_status":"closed","ping_status":"closed","template":"","meta":{"footnotes":""},"class_list":["post-13","page","type-page","status-publish","hentry"],"_links":{"self":[{"href":"https:\/\/akilliticaretyedekparca.wsm.com.tr\/index.php?rest_route=\/wp\/v2\/pages\/13","targetHints":{"allow":["GET"]}}],"collection":[{"href":"https:\/\/akilliticaretyedekparca.wsm.com.tr\/index.php?rest_route=\/wp\/v2\/pages"}],"about":[{"href":"https:\/\/akilliticaretyedekparca.wsm.com.tr\/index.php?rest_route=\/wp\/v2\/types\/page"}],"author":[{"embeddable":true,"href":"https:\/\/akilliticaretyedekparca.wsm.com.tr\/index.php?rest_route=\/wp\/v2\/users\/1"}],"replies":[{"embeddable":true,"href":"https:\/\/akilliticaretyedekparca.wsm.com.tr\/index.php?rest_route=%2Fwp%2Fv2%2Fcomments&post=13"}],"version-history":[{"count":0,"href":"https:\/\/akilliticaretyedekparca.wsm.com.tr\/index.php?rest_route=\/wp\/v2\/pages\/13\/revisions"}],"up":[{"embeddable":true,"href":"https:\/\/akilliticaretyedekparca.wsm.com.tr\/index.php?rest_route=\/wp\/v2\/pages\/8"}],"wp:attachment":[{"href":"https:\/\/akilliticaretyedekparca.wsm.com.tr\/index.php?rest_route=%2Fwp%2Fv2%2Fmedia&parent=13"}],"curies":[{"name":"wp","href":"https:\/\/api.w.org\/{rel}","templated":true}]}}

Stok ve Lojistik Gücümüz

<h2>Üretim süreçlerine uygun tedarik planlaması</h2>
<p>Standart ve dönemsel taleplerin planlanması, uygun tedarik kanallarının değerlendirilmesi ve sevkiyat sürecinin koordinasyonu için çözüm odaklı çalışıyoruz.</p>

<p>Üretim süreçlerine uygun tedarik planlaması Standart ve dönemsel taleplerin planlanması, uygun tedarik kanallarının değerlendirilmesi ve sevkiyat sürecinin koordinasyonu için çözüm odaklı çalışıyoruz.</p>
